ppose 3*w + 5*d - 38 = 0, 0 = 3*d + d - 16. What is the units digit of h(w)?
6
Suppose 13*z - 405 = 12*z. Let n = -283 + z. Suppose 4*g - 121 = -3*h, -2*g + n = g - 4*h. What is the tens digit of g?
3
Let x be -2 - ((-12)/(-4) - 6). Suppose 0 = -3*r - 16 + 4. What is the tens digit of -48*(6/r + x)?
2
Let t be ((-15)/(-6)*-2)/(-1). Suppose 2*n - l - 110 = 0, -t*n = 5*l + 77 - 337. What is the tens digit of n?
5
Let j(w) = 80*w**2 - 3*w - 1. What is the tens digit of j(-1)?
8
What is the hundreds digit of 9*7/42*14670/27?
8
Let p(n) = 3*n + 13. Let a be p(-7). What is the tens digit of ((-786)/(-18))/(-1 + a/(-6))?
3
Suppose v + 2*o + 12 = 0, -4 = -0*v - v + 2*o. Let w(l) = -12*l - 11. What is the tens digit of w(v)?
3
Suppose -21*v = -81996 + 18240. What is the units digit of v?
6
Let m(d) = -6*d**2 - 9 + 4*d**3 - d**3 + 10*d + d**3 - 3*d**3. What is the tens digit of m(6)?
5
Let s = -893 + 1934. What is the thousands digit of s?
1
Let u(f) = -5*f**2 + 4*f - 102. Let s(g) = 11*g**2 - 9*g + 204. Let b(o) = -6*s(o) - 13*u(o). What is the tens digit of b(0)?
0
Let s(w) = 21*w**2 + 21*w + 42. What is the units digit of s(-3)?
8
Let c(x) = -2*x + 6. Let l be c(3). Suppose 551 = 4*j - l*j + 5*z, -z = 2*j - 271. What is the units digit of j?
4
Let m(o) = -2*o**3 - 12*o**2 + 11*o - 5. What is the units digit of m(-8)?
3
Suppose r = -2*y + 1651, 29*y - 25*y - 3*r - 3307 = 0. What is the tens digit of y?
2
What is the thousands digit of (-57563)/(-22) - (5 + 36/(-8))?
2
What is the tens digit of ((-1)/4)/((-33)/73392)?
5
Suppose -16670 + 3228 = -26*p. What is the hundreds digit of p?
5
Suppose -5*n = -5*z + 5075, -1196 = -z + 2*n - 181. What is the hundreds digit of z?
0
Let v = 1273 - 265. What is the tens digit of v?
0
Suppose 2 = 5*s - 2*z, s + 4*z - 18 = -0*s. Suppose 0 = -s*u + 169 + 131. What is the tens digit of u?
5
Let k(m) = -m**2 + 12*m + 1. Let s be k(12). Suppose 0 - s = -t. Let p(o) = 7*o**3 - o**2 + o - 1. What is the units digit of p(t)?
6
Let n(r) = 2*r**3 + 4*r**2 + 7*r + 1. Let o(h) = -3*h**3 - 5*h**2 - 8*h - 1. Let m(p) = 7*n(p) + 6*o(p). What is the units digit of m(-3)?
8
Suppose 4*m - 8 + 4 = 0. Let s(v) be the second derivative of 7*v**3/3 + v**2 - 26*v. What is the tens digit of s(m)?
1
Suppose -3*l + 2697 = -3*y, -2*y - 950 + 50 = -l. What is the units digit of l?
8
Let q = 865 - 593. What is the hundreds digit of q?
2
What is the tens digit of (20/(-5))/((-6)/510)?
4
Suppose -33*z = -34*z - 11. Let q(w) = -7*w + 6. What is the units digit of q(z)?
3
Suppose -22 = 4*f - 30. What is the tens digit of 404/(3*f/3)?
0
Let c(h) = 2*h**3 - 48*h**2 + 9*h + 17. What is the units digit of c(25)?
2
Let n(i) = 2*i + 8*i + 9*i - 13 + i. What is the tens digit of n(4)?
6
Let j(d) = 5*d**2 + 2*d - 141. What is the thousands digit of j(28)?
3
What is the hundreds digit of ((-1176)/(-16) - 1)*6?
4
Let k = 16 + -8. Suppose -3*h + k*h = 100. Suppose 4*w = h + 48. What is the tens digit of w?
1
Let d = -121 - -29. Let u = d + 154. What is the tens digit of u?
6
Let l = -1777 - -4086. What is the thousands digit of l?
2
Let v(k) = k**2 - 18*k + 3. Let x be v(18). Suppose -2*l = -x*l. Suppose 2*i + 10 = l, 4*b - 55 = 2*b + 5*i. What is the tens digit of b?
1
Let s be (-2)/4 + (-45)/6. Let f(k) = -17 + 3*k**2 + 30*k**2 + k**3 - 25*k**2 - 5*k. What is the units digit of f(s)?
3
Suppose -5*q - t = -756, 4*q = -3*t - t + 608. What is the units digit of q?
1
Suppose 2*x - 4*x = 698. Let z = -187 - x. What is the hundreds digit of z?
1
Let q = -57 - -59. Suppose 0 = q*d - 0*d - 176. What is the tens digit of d?
8
Let s(j) = 112*j - 279. What is the tens digit of s(11)?
5
Let f be -2 - (-3 - -1 - -3). Let s = 5 + f. Suppose -s*b - 137 = -5*p, 4*p + 40 - 164 = -2*b. What is the units digit of p?
9
Let b(r) = 3*r**2 + 4*r - 32. Let p(m) = -m**2 - 1. Let d(t) = b(t) + 2*p(t). What is the units digit of d(-14)?
6
Suppose o + 2*o = -i + 5, -4*i + 10 = 2*o. Suppose -3*n = -5*h - 38, -9 + 21 = -i*h - 2*n. What is the tens digit of (96/28)/(-1)*h?
2
What is the tens digit of 2252/8 - ((-27)/(-6))/(-9)?
8
Let i = 17 + -10. Suppose -21 = 4*m - i*m. Suppose -2*x = -m - 9. What is the units digit of x?
8
Suppose -15 = 3*r, -3*r - 832 = 4*i - 205. Let c = i + 362. What is the units digit of c?
9
Suppose -5*n - 3*z = -39, -5 - 5 = -2*n - 4*z. Suppose b - h - 13 = 0, -n = -b - h + 4*h. Suppose 5*q - b = 140. What is the units digit of q?
1
What is the tens digit of ((-3)/(-5))/(8*2/9520)?
5
Let b be (-3 + -19)*(-1 - -5). Suppose 0 = -4*m - 176 + 788. Let v = m + b. What is the units digit of v?
5
Let k = -92 - -683. What is the tens digit of k?
9
Suppose 580 = m + 4*b, 6*m + b - 1153 = 4*m. What is the units digit of m?
6
What is the thousands digit of (-1544)/(-12)*(34 + (-4 - -3))?
4
Let j = -7 - -10. Suppose j = -a + 30. What is the tens digit of a?
2
Suppose -12*o + 9*o + 216 = 0. Let b = -39 + o. What is the units digit of b?
3
Let d(n) = n**3 + 3*n**2 + 4. Let p be d(-3). Suppose -4*s + 4*v = 12, -3*s + v - p = 7. What is the tens digit of s/5 + 798/35?
2
Let k(i) = 51*i**3 + 56*i**3 + 13*i**2 + 4*i - 2 - 106*i**3. What is the tens digit of k(-9)?
8
Suppose 3*i - 30 = 8*i. What is the units digit of 29 - (2 + 4 + i)?
9
Let k(x) = x**3 + 9*x**2 + 7*x - 3. Let d be k(-8). Suppose d*z = 2*w - 48, 6*z + 24 = z - 4*w. Let s(n) = -n**2 - 9*n + 7. What is the units digit of s(z)?
5
Suppose 5*v = -v - 198. Let g = 66 + v. What is the tens digit of g?
3
Let l = -24 + 30. Suppose 0 = l*z - z - 405. What is the tens digit of z?
8
Let f(h) = -h + 3*h - 2 - 2 + h**2. Let p(u) = u + 4. Let z be p(0). What is the units digit of f(z)?
0
Suppose u - 5*a = 63, -3*u = -8*u + 4*a + 336. Let s = u + -34. What is the units digit of s?
4
Suppose 5*h - 2152 = 478. What is the hundreds digit of h?
5
Let r(y) = -y**2 - 7*y + 21. Let i be r(-9). Suppose h - 38 = i*v, 3*h - 127 = -3*v - 25. What is the units digit of h?
5
Let c = 15 + -20. Let k = 16 - 31. Let w = c - k. What is the tens digit of w?
1
Let z(n) be the third derivative of n**5/60 - 5*n**4/24 + 5*n**3/6 - 2*n**2. Suppose 4*q - 2*q = -4*w + 14, 4*q + 20 = 0. What is the units digit of z(w)?
1
Suppose 2831 = 4*i + g, 250 - 3791 = -5*i - 2*g. What is the hundreds digit of i?
7
Let s = -1069 + 2238. What is the tens digit of s?
6
What is the hundreds digit of (0 - (-500)/4)*(-36)/(-45)?
1
Let j(x) be the second derivative of -x**5/20 - 2*x**4/3 + 2*x**3 - 4*x**2 - 4*x. Let t be j(-10). Suppose t = -0*w + 4*w. What is the units digit of w?
8
Suppose -5 = -2*i - 4*c + 1, -15 = 4*i - c. Let l = 86 + i. What is the units digit of l?
3
Let k(x) = -x**2 - 3*x + 3. Let f be k(-3). Suppose -3*h = -5*d + 40, 4*d = f*d + 2*h + 15. Suppose d*o - 21 = 84. What is the units digit of o?
1
Suppose -25*g - 2*p = -21*g - 698, 5*p = 25. What is the hundreds digit of g?
1
Suppose 12*a - 12 = 6*a. Let m = 16 + 23. Suppose m + 1 = a*z. What is the tens digit of z?
2
Suppose p - 6*c + 4*c = 3779, -4*p = -2*c - 15134. What is the hundreds digit of p?
7
Let c be (-8)/(-36) - (-104)/18. Let g(a) = a**3 - 6*a**2 + 6*a + 2. Let p be g(c). What is the units digit of (p/(-3))/((-2)/3)?
9
Let j(u) = u**3 - 9*u**2 - 23*u - 18. Let r be j(11). Let v = 112 - r. What is the hundreds digit of v?
1
Suppose -2*b = 5*v - 1194 - 346, -3*b - v = -2323. What is the tens digit of b?
7
Suppose 0 = 4*l - 13*p + 17*p - 5220, -2*p = -l + 1293. What is the hundreds digit of l?
3
Let j(i) = 9*i + 11. Let y be (-138)/(-30) + (-6)/(-15). What is the tens digit of j(y)?
5
Let z(o) = -o**2 - 42*o + 21. What is the tens digit of z(-21)?
6
Suppose -4*v + 3*v = -6. Suppose -2*j + 4 = -v. Suppose 0 = j*l - 12 - 78. What is the tens digit of l?
1
Let n(y) = -4*y + 1. Let h be n(1). Let z = h + 8. Suppose z*u = -2*i + 161, -5*u + 0*i + 5*i = -140. What is the units digit of u?
1
Let l(w) = 8*w - 5. Let k be l(-1). Let f = k - -44. What is the tens digit of f?
3
Suppose 0 = 3*r + 4 - 10. Suppose r*w + w - 153 = 0. What is the tens digit of w?
5
Let h(b) = b**3 - 12*b**2 + 8*b + 42. What is the units digit of h(13)?
5
Suppose -2*k - 3*a + a + 14 = 0, -4*a = 3*k - 24. Suppose -5*i + k*j + 130 = -0*i, 5*i = -5*j + 130. What is the tens digit of i?
2
Suppose 2*k = -4*n + 30, -3*k - 3*n + 